 digit of 266461511?
2
What is the millions digit of 99912834?
9
What is the ten thousands digit of 2264493400?
9
What is the thousands digit of 4156155777?
5
What is the tens digit of 596078721?
2
What is the ten thousands digit of 69933877?
3
What is the millions digit of 6218116?
6
What is the ten thousands digit of 11638374?
3
What is the hundred millions digit of 174000568?
1
What is the tens digit of 179653978?
7
What is the hundred thousands digit of 1175062408?
0
What is the ten millions digit of 42579090?
4
What is the thousands digit of 390477747?
7
What is the hundred thousands digit of 1222625975?
6
What is the ten thousands digit of 183230467?
3
What is the tens digit of 359537?
3
What is the units digit of 98910386?
6
What is the units digit of 580614525?
5
What is the hundred millions digit of 1327584949?
3
What is the millions digit of 103368272?
3
What is the tens digit of 464145818?
1
What is the tens digit of 20535596?
9
What is the hundreds digit of 64520353?
3
What is the ten millions digit of 447943432?
4
What is the hundred millions digit of 495228044?
4
What is the millions digit of 510312964?
0
What is the units digit of 33702788?
8
What is the hundred thousands digit of 696180869?
1
What is the ten thousands digit of 1480831791?
3
What is the hundreds digit of 2064437338?
3
What is the units digit of 209308996?
6
What is the hundreds digit of 56682247?
2
What is the thousands digit of 3285734956?
4
What is the ten millions digit of 106477037?
0
What is the units digit of 3809368?
8
What is the millions digit of 964369622?
4
What is the hundreds digit of 155768660?
6
What is the ten thousands digit of 350913210?
1
What is the millions digit of 3934371878?
4
What is the hundreds digit of 238912200?
2
What is the billions digit of 1535778514?
1
What is the tens digit of 98679725?
2
What is the hundreds digit of 22941264?
2
What is the ten thousands digit of 20640004?
4
What is the millions digit of 4272595425?
2
What is the tens digit of 117409990?
9
What is the units digit of 923151425?
5
What is the hundreds digit of 287573418?
4
What is the ten thousands digit of 135044675?
4
What is the tens digit of 2289543727?
2
What is the thousands digit of 609297826?
7
What is the units digit of 4677961029?
9
What is the hundred millions digit of 3865764626?
8
What is the tens digit of 37596063?
6
What is the thousands digit of 73659918?
9
What is the billions digit of 4875999476?
4
What is the units digit of 11523157?
7
What is the tens digit of 152118132?
3
What is the ten millions digit of 249113542?
4
What is the millions digit of 371082484?
1
What is the hundred millions digit of 111015271?
1
What is the thousands digit of 4135012?
5
What is the hundred thousands digit of 27172016?
1
What is the hundred thousands digit of 130295400?
2
What is the hundred millions digit of 1293767857?
2
What is the thousands digit of 25834667?
4
What is the ten thousands digit of 189032034?
3
What is the ten millions digit of 178945406?
7
What is the ten thousands digit of 19087717?
8
What is the ten thousands digit of 171146244?
4
What is the units digit of 3196138070?
0
What is the ten millions digit of 73959225?
7
What is the thousands digit of 9573450?
3
What is the ten millions digit of 44645371?
4
What is the units digit of 4268131665?
5
What is the ten thousands digit of 102231708?
3
What is the hundred millions digit of 460415656?
4
What is the units digit of 60692795?
5
What is the hundreds digit of 847080129?
1
What is the millions digit of 29861073?
9
What is the hundred thousands digit of 63789960?
7
What is the ten millions digit of 37509005?
3
What is the hundred millions digit of 470201310?
4
What is the billions digit of 1541242742?
1
What is the hundred thousands digit of 581825484?
8
What is the hundreds digit of 386814826?
8
What is the units digit of 450045816?
6
What is the tens digit of 7308136?
3
What is the units digit of 112824493?
3
What is the hundred thousands digit of 46247861?
2
What is the tens digit of 198365390?
9
What is the units digit of 687540812?
2
What is the millions digit of 173525289?
3
What is the hundred thousands digit of 260734312?
7
What is the ten millions digit of 3196749637?
9
What is the hundred thousands digit of 142021236?
0
What is the millions digit of 447234414?
7
What is the units digit of 28417211?
1
What is the ten millions digit of 263239660?
6
What is the ten millions digit of 83193794?
8
What is the hundreds digit of 506209967?
9
What is the millions digit of 15407395?
5
What is the units digit of 1108356613?
3
What is the hundred millions digit of 110755120?
1
What is the hundred thousands digit of 43309107?
3
What is the units digit of 1113479559?
9
What is the hundreds digit of 1429586809?
8
What is the units digit of 154365089?
9
What is the ten millions digit of 7757599202?
5
What is the hundred millions digit of 321970853?
3
What is the hundred thousands digit of 1072308?
0
What is the thousands digit of 1588233309?
3
What is the hundred thousands digit of 2334990529?
9
What is the hundred thousands digit of 1090963903?
9
What is the ten millions digit of 256573087?
5
What is the units digit of 197859292?
2
What is the millions digit of 770243864?
0
What is the ten millions digit of 2486346133?
8
What is the hundreds digit of 148182397?
3
What is the ten thousands digit of 9713869?
1
What is the units digit of 2112088594?
4
What is the hundred millions digit of 137624722?
1
What is the units digit of 12784793?
3
What is the millions digit of 68730376?
8
What is the thousands digit of 292931762?
1
What is the tens digit of 14693145?
4
What is the tens digit of 1694543369?
6
What is the ten thousands digit of 249269815?
6
What is the thousands digit of 483108213?
8
What is the hundreds digit of 849075694?
6
What is the millions digit of 1967191106?
7
What is the hundreds digit of 815993154?
1
What is the tens digit of 3784125063?
6
What is the thousands digit of 1311327820?
7
What is the ten thousands digit of 26872310?
7
What is the ten millions digit of 152411689?
5
What is the hundred thousands digit of 137306121?
3
What is the billions digit of 2010479980?
2
What is the thousands digit of 1448094019?
4
What is the thousands digit of 434971887?
1
What is the hundreds digit of 988478370?
3
What is the units digit of 951330235?
5
What is the millions digit of 373865412?
3
What is the thousands digit of 59105026?
5
What is the thousands digit of 1519063062?
3
What is the thousands digit of 557869061?
9
What is the hundred millions digit of 208911490?
2
What is the hundred millions digit of 206786301?
2
What is the tens digit of 1365191629?
2
What is the ten millions digit of 8690903264?
9
What is the billions digit of 2120676864?
2
What is the tens digit of 2703673507?
0
What is the ten millions digit of 602280351?
0
What is the hundred thousands digit of 353904281?
9
What is the units digit of 2259979259?
9
What is the ten millions digit of 1952465350?
5
What is the units digit of 154115173?
3
What is the ten thousands digit of 446507045?
0
What is the billions digit of 1054993465?
1
What is the hundred millions digit of 1463441969?
4
What is the units digit of 354506081?
1
What is the units digit of 798142209?
9
What is the units digit of 181487965?
5
What is the hundred millions digit of 819602576?
8
What is the thousands digit of 210284431?
4
What is the hundreds digit of 2810987796?
7
What is the ten thousands digit of 97560565?
6
What is the hundred millions digit of 1328194330?
3
What is the ten thousands digit of 331688704?
8
What is the ten millions digit of 15130619?
1
What is the hundred thousands digit of 21249710?
2
What is the ten thousands digit of 603316616?
1
What is the ten millions digit of 21543237?
2
What is the hundred millions digit of 824720282?
8
What is the tens digit of 781348712?
1
What is the units digit of 41037219?
9
What is the thousands digit of 2619483?
9
What is the ten thousands digit of 102856856?
5
What is the hundred millions digit of 1053320631?
0
What is the hundreds digit of 451191959?
9
What is the tens digit of 1015542518?
1
What is the hundreds digit of 132972664?
6
What is the ten thousands digit of 3227653317?
5
What is the h